). Let k be (y - -3)/(2/(-4)). List the prime factors of 1*(k + 1)*3.
3
Let o = 5 + -3. Suppose 4*q - h = 139, o*q + 2*h + 176 = 7*q. What are the prime factors of q?
2, 17
Let s(o) = -118*o - 1. What are the prime factors of s(-1)?
3, 13
Let z = -64 + 89. Suppose -4*y + 7 = -1, -z = -m + 4*y. List the prime factors of m.
3, 11
Suppose 10*b = 9*b + 60. Let p = b - 43. What are the prime factors of p?
17
Let p(b) = b**3 + 7*b**2 + 6*b - 6. Let s be p(-6). Let f = s + 28. What are the prime factors of f?
2, 11
Suppose -g = -5*g + 300. List the prime factors of g.
3, 5
Let g = 14 - -2. List the prime factors of g.
2
Suppose b - 22 = -5*s, 0*s + 20 = 5*s. Let w be (b/6)/(2/12). Suppose 75 = 5*p - n, -3*p - n = -w*n - 45. List the prime factors of p.
3, 5
What are the prime factors of (58 - 0) + (0 - -1)?
59
Suppose -4*g = 16, 5*n - 2*g + 0*g - 193 = 0. What are the prime factors of n?
37
Suppose 0 = -11*g + 166 + 417. List the prime factors of g.
53
Let s(u) = u**2 - 9*u + 10. Let p be s(8). Suppose p*v = 6*v + 4*o - 60, -v + 9 = 4*o. Let g = v + -7. What are the prime factors of g?
2, 5
Suppose 4*y - 2*m = 5*y - 72, 5*m = -5*y + 360. What are the prime factors of y?
2, 3
Let i = 8 - 11. Let f = 4 - i. List the prime factors of f.
7
Let l be (6/(-4))/((-12)/352). Suppose -4 = -4*z, -2*z - 15 = 3*x - l. What are the prime factors of x?
3
Suppose 5*i = u + 84, -i + 3*u + 0*u = -28. Let p = i + 0. What are the prime factors of p?
2
Suppose -8*a - 2779 = -15*a. What are the prime factors of a?
397
Suppose -36 = -3*z - 3*b + 8*b, -4*b = 0. List the prime factors of z.
2, 3
Suppose 12*d - 288 = 6*d. What are the prime factors of d?
2, 3
Suppose h - 6 + 1 = 0. Suppose h*d - 25 = -0*d. What are the prime factors of d?
5
Suppose -308 = -2*d - 2*d. What are the prime factors of d?
7, 11
Let c(b) = -26*b + 16. List the prime factors of c(-6).
2, 43
Suppose -2*v + 0 = 12. Let w be 1 - -1 - v/3. Suppose 0 = w*d - 18 - 18. List the prime factors of d.
3
Suppose 5*a = 79 - 29. What are the prime factors of a?
2, 5
Let z(i) = i**2 + 6*i - 1. Let b be z(-5). Let h = b + 4. What are the prime factors of 40/6 + h/(-6)?
7
Suppose -2*o + o = -5*z - 37, 0 = 5*o + 5*z - 215. What are the prime factors of o?
2, 3, 7
Let o(y) = -y**3 - 10*y**2 - 10*y + 1. Let p be o(-9). Let h = p + 7. List the prime factors of h.
17
Let q = 135 - 81. List the prime factors of q.
2, 3
Suppose -75 - 35 = -2*s. Let l = s - 31. List the prime factors of l.
2, 3
Let k be ((-2)/4)/((-2)/28). What are the prime factors of (6/k)/((-9)/(-63))?
2, 3
Let o(w) = 3*w**2 + 6*w - 12. List the prime factors of o(-7).
3, 31
Let x(q) = -8*q**2 + 0*q**2 + 9 + 0*q**3 - q + q**3. Let o be x(8). Suppose -4 = -c + o, 4*s - c = 15. List the prime factors of s.
5
Let v(s) be the second derivative of -s**3/6 - s**2/2 - 4*s. List the prime factors of v(-10).
3
Let o = 4 + 71. Suppose u = -2*u + o. Suppose -31 - u = -4*m. What are the prime factors of m?
2, 7
List the prime factors of ((-2)/5)/(4/(-520)).
2, 13
Let l = 59 - 35. What are the prime factors of l?
2, 3
Let c(f) = f**2 - f + 17. List the prime factors of c(0).
17
Suppose -5*w + 5*v + 130 = 0, 3*v = w - 1 - 23. Let l = 13 - w. List the prime factors of (-200)/l + 2/(-7).
2, 7
Suppose 1 = 3*l - 5. Suppose l*f = -4*p - 0*p, 5*f + 20 = 0. List the prime factors of (p/(-4))/(3/(-18)).
3
Let a be (-3)/(84/27 + -3). List the prime factors of (-1)/1 + a/(-3).
2
Suppose -w = -4*w + 2*f + 22, -3*w - 3*f = 3. Suppose -5*y + 6 = -w. List the prime factors of 19/y + (-1)/(-2).
2, 5
Let k(l) = -3*l + 13. What are the prime factors of k(0)?
13
What are the prime factors of ((-9)/(-3))/((-1)/(-9))?
3
What are the prime factors of 1*352 + 8 + -6?
2, 3, 59
Let k(n) = -5*n**3 - 2*n**2 + 2*n - 1. Let b be k(1). Let t(x) = x**3 + 7*x**2 + 3*x - 8. Let j be t(b). Let o = 21 - j. List the prime factors of o.
11
Let n be 1 - (0 - (-3 - -2)). Suppose n = -3*k + 5*k - 18. What are the prime factors of 62/6 + (-3)/k?
2, 5
Suppose 210 = 5*c - 15. Suppose -o - c = -4*o. What are the prime factors of o?
3, 5
Suppose 0 = -4*b - b. Suppose b = 5*s - 171 + 41. What are the prime factors of s?
2, 13
What are the prime factors of -6 - -62 - 1 - (-1 - -1)?
5, 11
Suppose v - 6 = -v. Suppose -c + v = -4. What are the prime factors of c?
7
Let m = 95 + 200. List the prime factors of m.
5, 59
Suppose 2*v = 22 + 4. Let z = 10 + v. Suppose 5*r + 8 = z. What are the prime factors of r?
3
Suppose 0 = m - 5*m - 20, 40 = 5*j - 4*m. Suppose -178 = -5*q + 4*u + 66, j*q = 3*u + 196. What are the prime factors of q?
2, 13
What are the prime factors of ((-2115)/9)/(-2 - (-1 + 0))?
5, 47
Suppose 0 = -0*o + 5*o. Let u = 2 - 0. Suppose o = u*x + 3*x - 90. List the prime factors of x.
2, 3
Let o = -6 - -6. Suppose -40 = -u - i, -5*u + i + 110 + 66 = o. Suppose u = 2*d + d. What are the prime factors of d?
2, 3
Suppose 0 = 3*o + 38 + 31. Let s = o - -37. What are the prime factors of s?
2, 7
Let n be (-3 + 2/1)*1. Let s be (-4 + 1)/(n - -2). What are the prime factors of (-9 + 3)/(2/s)?
3
Suppose -r = -3*r + 60. Let n = -72 - -47. List the prime factors of r/n*(-10 + 0).
2, 3
Let j = 41 + -29. List the prime factors of j.
2, 3
Let x(w) = w**2 + 5*w + 6. List the prime factors of x(-7).
2, 5
Let x(c) = -3*c + 3. Let u be x(-3). Let y be (1 + -1)/1 + u. List the prime factors of (-8)/y + (-35)/(-3).
11
Let c be 6/4*16/(-12). List the prime factors of 3/2*c - -34.
31
Let i be -1 + (0 - 0) + 1. Let a be 10/5 + (-3 - i). List the prime factors of (16/6)/(a/(-3)).
2
Let d be (8 - 4)/((-2)/(-16)). List the prime factors of d + (-4)/(-4) + -1.
2
Let n = 349 + -162. What are the prime factors of n?
11, 17
Let s = -7 + 11. Let d be 2/s - 362/(-4). Suppose 0 = 5*u - d + 31. What are the prime factors of u?
2, 3
Let p(w) = 9*w**3 + 19*w**2 - 7*w + 13. Let u(t) = -4*t**3 - 9*t**2 + 3*t - 6. Let n(j) = 6*p(j) + 13*u(j). What are the prime factors of n(3)?
2, 3
Let d(q) be the second derivative of q**3 - 2*q**2 - 3*q. What are the prime factors of d(3)?
2, 7
Let v(h) = -5*h + 3. Let m be v(-3). Let r = m + -11. List the prime factors of r.
7
Let l(o) = o**3 + 9*o**2 - 10*o + 4. Let y be l(-10). Suppose -73 = -3*s + 5*n, n + y*n + 89 = 4*s. What are the prime factors of s?
2
Let k(w) = w + 5. Let d be k(-3). Suppose 7 = l + d. What are the prime factors of l?
5
Let h(g) = -g**2 - 11*g - 11. Let r be h(-9). Let v(z) = z**2 - 10. List the prime factors of v(r).
3, 13
Let h = 64 + 129. What are the prime factors of h?
193
Suppose k - 2*k + 28 = 5*t, t + 4*k = 17. Suppose c + 37 = t*l - 0*c, 4*c = 3*l - 12. What are the prime factors of l?
2
Suppose 12 = 3*h - h. Let x(k) = -k**2 + 6*k + 2. Let o be x(h). Suppose o*w = -3*w + 65. What are the prime factors of w?
13
Suppose -x = -3, 0*x = -2*l - 5*x + 25. Let m(u) = u**3 - 3*u**2 - 7*u + 6. What are the prime factors of m(l)?
3, 7
Suppose 0*o - 3*m = -4*o + 675, 0 = -5*o - 3*m + 810. List the prime factors of o.
3, 5, 11
Let v = -131 - -220. List the prime factors of v.
89
Suppose n + 2 = 0, -2*n = -2*r + 17 + 227. What are the prime factors of r?
2, 3, 5
Suppose -d + 22 = f - 11, 4*f + 4 = 0. List the prime factors of d.
2, 17
Let r be -3 - (2 + -3 - -4). Let c = -2 - r. What are the prime factors of 0/(-1) - (c - 7)?
3
Suppose 5*o + 4*a = 339 - 14, -4*a = -20. List the prime factors of o.
61
Suppose 0*m - 5*m = 0. Let o be m + (3 - 10)*-6. List the prime factors of ((-108)/21)/((-9)/o).
2, 3
List the prime factors of 31/(-2)*(-5 + 3).
31
Suppose -r = r. Suppose r = -v + 5*v - 72. List the prime factors of v.
2, 3
Suppose -18 = -0*f - 3*f. Let z = 6 - f. Suppose z*x + 56 = 4*x + 2*d, 70 = 5*x + d. List the prime factors of x.
2, 7
Let q = -319 - -198. Let u be q/7 - (-4)/14. Let t = u + 28. List the prime factors of t.
11
Let o = -5 + 98. What are the prime factors of o?
3, 31
Let v(h) = 9*h - 2. Suppose 2*s = -2 + 4. Suppose 2*q = u - s, -3*q - 4 = -2*u - 0*u. List the prime factors of v(q).
2
Let s be 1 - 3/(-5 + 2). Suppose 5*u - 57 = -4*t + 7, 2*u + 50 = s*t. List the prime factors of t.
3, 7
Suppose 17 = -2*c - 31. List the prime factors of 63/12 - (-6)/c.
5
Suppose 970 = 11*c - 691. List the prime factors of c.
151
Let n(q) be the second derivative of -q**5/20 - 5*q*